*r(c) + b(c). What is x(-5)?
-2
Suppose -3*a + 2*v = 7, a + 2*v - 35 = -16. Let r(b) = b + 15. Give r(a).
18
Suppose -k - 15 + 18 = 0. Let m(o) = o**2. Let i(u) = -3*u**2 + 4*u + 1. Suppose v + 5 = -r, 0 = -2*r - 4*v + 5 - 23. Let h(f) = r*i(f) - 2*m(f). What is h(k)?
-4
Suppose 383 + 25 = 51*j. Let z(q) = -q**2 + 2*q + 18. Determine z(j).
-30
Suppose 4*l + 8 = 0, 3*q - 4 + 14 = l. Let k(w) = -4*w**3 - 5*w**2 - 15*w + 6. Let o(f) = -3*f**3 - 5*f**2 - 12*f + 5. Let r(p) = q*k(p) + 5*o(p). Give r(4).
-15
Let d(f) = f + 786 - 205 - 587. Let k = -12 - -7. Let w(y) = y**3 + 4*y**2 - 7*y - 5. Let t be w(k). Calculate d(t).
-1
Let u(x) be the third derivative of x**6/120 - 2*x**5/15 - 5*x**4/12 - x**3/6 - 11*x**2 - 3*x. Suppose 16*z - 12*z = -5*q + 56, 5*q - 47 = -3*z. Calculate u(z).
-10
Let j = -228 + 228. Let z(a) be the first derivative of -a**3/3 - 3. Calculate z(j).
0
Suppose 2*u - 7599 = -3*s, -9*u + 12646 = 5*s - 12*u. Let p(h) = 1261*h**2 - 1 + 1260*h**2 - 2*h - s*h**2. Give p(-1).
-9
Suppose -3*t - 2*u + 37 = 0, -4*t + 51 = -u + 2*u. Let l(j) = -9 + t + j - 2*j + 23. What is l(20)?
7
Let c(a) = -5*a**3 - 16*a**2 - 7*a + 19. Let s be 6/30 - (-128)/10. Let b(o) = 11*o**3 + 33*o**2 + 15*o - 39. Let x(n) = s*c(n) + 6*b(n). Calculate x(10).
3
Let b(a) be the first derivative of 2*a**3/3 + 5*a**2/2 - 15*a - 6033. Determine b(5).
60
Let r(g) be the third derivative of g**5/10 + g**4/8 - g**3/6 + g**2. Let s(h) = 8*h**2 - 1100*h - 555. Let y be s(138). What is r(y)?
44
Let t(i) be the first derivative of i**4/4 + 10*i**3/3 - 15*i**2/2 - 27*i - 1304. Determine t(-11).
17
Let d(z) = 16*z - 28. Let j(y) = 3*y - 10. Let w(q) = d(q) - 4*j(q). Let s(g) = -g**2 - 6*g + 18. Let m be s(-9). What is w(m)?
-24
Suppose -2*i - b = -41 + 12, -50 = -3*i + 5*b. Suppose c - 126 = i*c. Let g(a) = -a**2 - 9*a + 5. Give g(c).
5
Let w(d) be the second derivative of -d**5/20 + 3*d**4/4 + 2*d**3 - 7*d**2/2 - 17*d - 4. Let r = 27 + -17. Give w(r).
13
Let x(g) = -5 + 92*g - g**3 + g**2 - 8*g**2 - 86*g + 0*g**2. Let p be x(-8). Let v(l) = 9 + 3*l**2 + l - 5 - p*l**2 + l**3. What is v(8)?
12
Let p be ((-646)/(-57))/((-5)/((-60)/(-8))). Let u(o) = 4*o**2 + 68*o + 3. Give u(p).
3
Let l(k) = 5*k + 7. Let a be l(-2). Suppose d + 9 = 2*d - 4*n, 0 = 2*d - n - 18. Let v(m) = 2*m + d*m - 7*m - 2. What is v(a)?
-14
Suppose 3*w + 9 = 0, 0 = -4*d - 3*w + 9 - 58. Let z(s) = s**3 + 11*s**2 + 13*s + 16. Calculate z(d).
-14
Let w = -6 + 10. Let h(k) be the second derivative of -k**6/720 + k**5/40 - 19*k**4/3 + 6*k - 11. Let n(o) be the third derivative of h(o). What is n(w)?
-1
Let f(p) be the second derivative of 0 - 1/6*p**3 - 68*p + 6*p**2. What is f(13)?
-1
Let a(u) = -5622*u**2 + 15*u + 5 + u**3 + 5605*u**2 + 7. Determine a(16).
-4
Suppose 6*g - 26 + 14 = 0. Let t(n) = n - 2 + n**3 + 7*n - 2*n - 4*n**2 - g*n. What is t(3)?
1
Let o(p) = 1036*p - 4142. Let a be o(4). Let k(s) = 3*s - 2 + 0 + 0*s. Determine k(a).
4
Suppose 0 = 18*c + 145 - 649. Let a(w) = -w**2 + c*w - 36*w + 15*w + 2. Calculate a(5).
12
Let q be -35*(208/(-20) + 10). Let a(x) = x**2 - 16*x + 15. Calculate a(q).
-13
Let m(n) = 7*n**3 + 26*n**2 + 20*n + 11. Let y(s) = 6*s**3 + 25*s**2 + 20*s + 12. Suppose -94*t = -87*t - 35. Let k(r) = t*m(r) - 6*y(r). Give k(-19).
2
Suppose -2 - 31 = -3*s + 2*z, -4*s + 45 = -3*z. Let t(g) be the third derivative of -g**6/120 + g**5/6 - g**4/3 + g**3/2 - 2*g**2 + 3*g. What is t(s)?
12
Let p(n) = 3*n**3 + 38*n**2 + 38*n + 42. Suppose 217 = 18*u + 19. Let o(c) = -c**3 - 13*c**2 - 13*c - 14. Let a(v) = u*o(v) + 4*p(v). What is a(-8)?
6
Let i(o) = -8*o**2 - 118*o - 2. Let g be i(-15). Let p(r) = -r**2 - 25*r + 223. Give p(g).
-1
Suppose -14*r - 160 = 66*r. Let b(d) = 9*d**3 + 2*d**2. Give b(r).
-64
Let u(a) = 2*a**2 - 2*a. Suppose -5*s + 18 = -7*s. Let y = 4 + s. Let l be y/(-10) - 10/(-4). Determine u(l).
12
Let r(p) = p**3 + 14*p**2 - 5*p - 42. Let c be r(-14). Suppose 4*s + c = 2*v, 4*s - 7 = 3*s - 3*v. Let b(o) = o**3 + 4*o**2 - 2*o + 12. Determine b(s).
-3
Let s(t) = -t**2 - 11*t - 28. Let k(v) = -2*v**2 + 29*v - 19. Let g be k(14). Calculate s(g).
2
Let q(r) = -3*r**2 + 1. Let b(m) be the second derivative of -7*m**4/12 + m**3/6 + 5*m**2/2 - 39*m. Let h(w) = b(w) - 2*q(w). Determine h(3).
-3
Let b(j) = j**3 - 5*j**2 - 19*j - 6. Suppose 17*l + 32*l - 1040 = -81*l. Determine b(l).
34
Suppose 0 = -198*m + 2517 - 141. Let a(s) = 3*s**2 - 34*s - 24. Calculate a(m).
0
Let x(t) = -t**2 + 3*t + 1. Let l(g) = -11*g. Suppose 2*d + 9 = 3. Let w be l(d). Let h be w/(-66)*((0 - 5) + -1). Determine x(h).
1
Let a be 2/16 + (-312)/(-64). Let j(f) = 12*f - 10. Let b(o) = 10*o - 9. Let z(d) = a*b(d) - 4*j(d). Determine z(5).
5
Let q = -5557 + 5553. Let h(w) = 4*w + 7. Give h(q).
-9
Let u(r) = r**3 - 5*r**2 + 6*r - 3. Let a = 4747 - 4745. Determine u(a).
-3
Let d(h) be the second derivative of -h**5/20 - 2*h**4/3 - h**3/6 + 4*h**2 + 1887*h. What is d(-8)?
16
Suppose -2*j - 2*x - 40 = 0, 4*x = j - 0*x + 5. Let d = 17 + j. Let a = -3 - d. Let z(l) = -5*l - 4. Calculate z(a).
11
Let g(q) = 6*q**2 - 228*q + 228. Let k be g(37). Let a(h) = 8*h - 41. Calculate a(k).
7
Suppose 3*c - 13 = u, 5*c = 4*u + 5 + 5. Let p(y) = y - 6 + c - 11. Calculate p(0).
-11
Let k(a) = -150*a + 618. Let h be k(4). Let b(j) = -j - 15. Determine b(h).
-33
Let x(m) = 5*m + 4. Let z(j) = -30*j - 1642. Let w be z(-55). Determine x(w).
44
Suppose -8*b - h + 12 = -4*b, 3*h + 24 = 3*b. Suppose -3*l - v - 9 = 0, b*l - 8 = 2*v - 20. Let i(y) be the second derivative of y**3 + 2*y**2 + y. Give i(l).
-14
Let v(s) = s**3 + 4*s**2 - 3*s + 4. Suppose -2*x = -2*p, 34*p = -3*x + 33*p - 20. Calculate v(x).
-6
Let q(d) = -5*d**2 + 3*d - 2. Suppose 15*p - 44 = 76. Let w(l) = -l**3 + 8*l**2 + 2. Let h be w(p). What is q(h)?
-16
Let a(c) = 22*c + 15. Let l be (-114)/190*(-1)/(2/(-20)). Let d(j) = 8*j + 5. Let b(v) = l*a(v) + 17*d(v). What is b(-3)?
-17
Let v be 9 + -5*6/10. Let z(q) = -6*q + 18. Determine z(v).
-18
Suppose 4*y = -5*u - 12, -u - 4*y = u. Let r be u/(-16) + (-14)/(-8). Let a(l) = -24*l + 14. Let v(w) = -5*w + 3. Let h(k) = 6*a(k) - 28*v(k). Determine h(r).
-8
Let m(a) be the third derivative of a**4/6 - 20*a**3/3 - 750*a**2. What is m(7)?
-12
Let k(m) = -m**3 + 10*m**2 - 7*m - 15. Let w be k(9). Let r(c) = -3*c + 1 + 4*c - 8 - w*c. Calculate r(-6).
5
Let p = -2047 + 2058. Let o(u) be the third derivative of 0 + 0*u - p*u**2 + 1/120*u**6 + 0*u**4 + 0*u**3 - 1/60*u**5. Determine o(0).
0
Let m(t) be the third derivative of -t**6/120 + t**5/4 + 2*t**4/3 + 7*t**3/6 + t**2. Suppose 1595*x + 4176 = 1856*x. Determine m(x).
7
Suppose 0 = 2*u - 2*m + 220, 122 = -5*u + 4*m - 431. Let v = u - -115. Let j(l) = -l**3 + 2*l**2 - 4*l + 2. Determine j(v).
-6
Suppose 4*n - 2*h = 34, 3*h + 14 = n - 7. Suppose -2*p = 4*v, -3*p + 5 = 4*v - 1. Let u(w) = w - n*w + w + w - p. Calculate u(-4).
6
Let d(c) be the second derivative of 3/2*c**2 - 24*c + 1 + 1/3*c**3. Calculate d(6).
15
Let a(z) = -7*z**2 - 65*z + 17. Let h(l) = 3*l**2 + 62*l - 12. Let n(m) = -3*a(m) - 4*h(m). Give n(7).
67
Let x(t) = -2*t**2 + 10*t - 11. Let z(g) = -g**3 + 51*g**2 - 181*g - 20. Let p be z(4). Determine x(p).
-59
Let y(b) = 3*b**3 - 7*b**2 + 8*b - 10. Let z(v) = -2*v**3 - v + 4. Let h(r) = y(r) + z(r). Determine h(7).
43
Suppose 0 = -3*s - 3*v, -3*v + 0*v = 4*s - 3. Suppose i = w + 3, -194*w - 1 = -197*w + i. Let a(t) = -t**2 + s*t - w*t - 2*t. What is a(-1)?
0
Let o(t) = 8*t**2 - 2*t - 4. Let p(m) = 412*m + 1235. Let j be p(-3). Give o(j).
6
Suppose 70 = 5*y + 5*u, 5*y + 4*u - 58 = 2*u. Suppose -3*m - 11*j = -y*j + 8, -m + 4*j = 20. Let x(o) = -4*o - 9. Give x(m).
7
Let r(n) = 3*n**2 - 13*n + 5. Let u(p) = 2*p**2 - 6*p + 2. Let w(c) = 3*r(c) - 5*u(c). Let m be 86 + -85 + 1*509 + 0. Let f = m + -518. Give w(f).
13
Let j(p) be the second derivative of -18*p - p**2 + 0 + 5/12*p**4 - 1/6*p**3. Determine j(-2).
20
Let v(z) = 49*z**3 - z + 2. Let c be (1/(-4))/((-38 - -81)/(-172)). What is v(c)?
50
Let i = 52 - 28. Let u(g) = -19*g + g**2 + 3 + i*g + 4. Suppose d - 7*x = -3*x - 26, -5*x = -2*d - 37. Give u(d).
13
Let p(w) = -4 - 4*w**2 + 6 + 2*w - w**3 + 2. Let a = 56 - -20. Suppose 0 = 3*l + 16*l + a. What is p(l)?
-4
Let v(t) = t**2 - 8*t + 5. Let o(r) = r**3 - 2*r**2 - 13*r + 2. L